uppose -3*x = -6*x - s. Let l(v) = v + 6. Give l(x).
1
Let c(i) = 6*i + 1 - 10*i - 8*i. Let s(o) = -o + 11. Let q be s(9). Suppose -4*n + q*n + 2 = 0. Calculate c(n).
-11
Let y(d) = -d**3 - d**2 + d - 1. Suppose 4*s + 11 = 2*n + s, -5*s = -n + 23. What is y(n)?
1
Let s(b) = b - 7. Let y = 11 + -4. Let a(r) = r - 6. Let n(i) = y*a(i) - 6*s(i). Suppose 5*d + 28 = 5*x + 8, -10 = 3*d - x. What is n(d)?
-3
Let q(r) = r**2 + 12*r - 9. Suppose -57 = 5*i + 8. Let j be q(i). Suppose -3*v - j = 5. Let b(o) = o - 3. Calculate b(v).
-6
Let g(o) = o**3 + 7*o**2 + 8*o + 3. Let w = 43 - 49. Calculate g(w).
-9
Let h(w) = w**3 - w + 6. Let d(a) = a**3 - 3*a**2 - 3*a + 3. Let m be d(4). Let n = m + -7. Calculate h(n).
6
Let p be 1/(-1) + 0 + -1. Let n(j) be the third derivative of j**4/24 + j**3/6 - 3*j**2. Let d(o) = -o**2 + 5*o + 4. Let k(r) = -d(r) + 6*n(r). Give k(p).
4
Let z be (28/(-1050))/((-8)/5). Let r(q) be the third derivative of 2*q**2 + z*q**5 + 0 - 1/3*q**3 + 0*q - 1/12*q**4. What is r(4)?
6
Let f(o) = 3*o**3 - 4*o**2 + 4*o + 9. Let r(p) = -p**3 + 4*p - 2*p**3 - 3*p**2 + 10 + 7*p**3. Let i(t) = -3*f(t) + 2*r(t). Give i(5).
-2
Let l(u) = -3*u**2 - 2*u + 1. Let d(a) = -4*a**2 - 2*a + 1. Let v(x) = 6*d(x) - 7*l(x). Suppose 4*o - 22 = -6. Let y = o - 2. What is v(y)?
-9
Let i(m) be the third derivative of -m**6/120 - 7*m**5/60 - m**4/6 + 5*m**3/6 + 11*m**2. Calculate i(-6).
-7
Let q(k) be the second derivative of k**5/120 - k**4/24 - 7*k**3/6 - 2*k. Let x(g) be the second derivative of q(g). Give x(0).
-1
Suppose 7 - 51 = 2*z - 4*l, 4*l - 12 = 0. Let x = z + 11. Let r(n) = n**3 + 4*n**2 - 2*n + 3. Give r(x).
-12
Let o be 7 - (1 - 0)/1. Suppose 4*m - m = o. Let w(k) = 2*k**2 - k - 1. Determine w(m).
5
Let h(x) be the first derivative of x**4/4 + x**3/3 - x**2/2 - 2*x - 9. Calculate h(-2).
-4
Let r = -28 - -31. Let f(p) = p**3 - 3*p**2 + 2*p - 1. Determine f(r).
5
Let j be (0/4)/(1/1). Suppose 5*b - 2*k = -13, j*k + 5 = -5*k. Let h(o) = o. Give h(b).
-3
Let j(v) = v - 2 + 6*v - 3*v - 5*v. What is j(-1)?
-1
Suppose -n - 30 = -6*n. Let s be 9/n*-2 - -4. Let g(u) = -8 - u**3 + 1 + 1 - s. Give g(0).
-7
Let b = -50 - -75. Suppose -2*a - 3*a - b = 0. Let d(j) = j**3 + 6*j**2 + 4*j + 2. Determine d(a).
7
Suppose -32 + 8 = 3*k. Let h be k/(-44) + (-106)/(-22). Let z(o) = -o**2 + 4*o - 2. Determine z(h).
-7
Let z = 4 + -5. Let d be z + -1 + 5 + -2. Let i(r) = 4*r**2 - r + 1. Determine i(d).
4
Let q(k) = 2*k - 1. Suppose 4*z = 3*j - 5*j - 30, -j - 22 = 3*z. Let l = z + 4. Let d(c) = -2*c + 2. Let v(t) = l*d(t) - 2*q(t). Calculate v(3).
2
Let i(x) = 2*x - 1. Suppose -3*c + 12 = -2*g - 5*c, g = -2*c - 10. Let m be i(g). Let n(u) = u**2 + 8*u. Give n(m).
-15
Let l(x) be the first derivative of 7*x**3/3 - 7*x**2/2 - 11*x - 3. Let o(s) = 20*s**2 - 20*s - 32. Let q(h) = 17*l(h) - 6*o(h). Determine q(4).
-7
Let z be (54/(-15) + 4)/((-8)/(-20)). Let h(o) = 8*o**2. Give h(z).
8
Let a = 4 - -3. Suppose -1 - 2 = -m + j, m + j = a. Let o(l) = -l**3 + 6*l**2 - 4*l + 1. Give o(m).
6
Let o(l) be the first derivative of -5*l**3/3 + l**2/2 - l + 4. Let c be ((-2)/(-4))/(2/4). Suppose 4*m + c = 5*m. Calculate o(m).
-5
Let z(i) = 3*i - 9. Let w(b) = -5*b + 14. Let m(t) = -5*w(t) - 8*z(t). What is m(-3)?
-1
Let o(d) = -d**2 - 6*d - 5. Let t = -5 - 1. Give o(t).
-5
Let b(t) be the first derivative of -2*t + 1/2*t**2 - 3. Let x be 6/3*10/4. What is b(x)?
3
Let u(g) be the first derivative of -g**2 + 7*g - 17. Calculate u(7).
-7
Let i(j) = -4*j + 6 - 5*j**2 - 3 + 6. Let x(r) = r**2 + r - 1. Let n(s) = -i(s) - 6*x(s). Let d be 0 - 32/12 - 4/(-6). Calculate n(d).
-3
Let z = -6 + 6. Let c = 1 - z. Let u(o) = -2*o. Calculate u(c).
-2
Let x be -1*(-1 + 2)*-2. Let v(p) = -11*p + 2*p - 3 + 5*p + x*p. Determine v(-2).
1
Let n(t) = t**2 - 2*t - 1. Let d be n(3). Let g(r) = d*r - 3*r + 0*r. Suppose -18 + 10 = -8*q. Determine g(q).
-1
Let p(o) = 5 - 6 + 0 + o + 6. Let k(l) = l**2 - 2*l + 1. Let i be k(3). Suppose 4*q - 17 = 5*h, 5*h - q = -i*q - 31. Determine p(h).
0
Let n(o) be the first derivative of -3*o**2 - 5*o + 1/4*o**4 + o**3 - 2. Determine n(-4).
3
Let n = 84 - 80. Let g(a) = a**2 - 2*a - 5. What is g(n)?
3
Let u(z) = z**2 + 6*z - 1. Let a(s) = s**2 - 4*s - 8. Suppose 0 = -5*j + 14 + 1. Let v(f) = f + 1. Let m(n) = j*v(n) + a(n). Let o be m(0). Give u(o).
-6
Let f(v) = -v**2 + 8*v - 1. Let u(k) = 2*k**2 - 2. Let z be u(-2). Determine f(z).
11
Let d(k) = k**2 - 6*k + 1. Let l be (-29)/(-3) - 2/3. Let i = 14 - l. Determine d(i).
-4
Let q(f) = -f**3 + 7*f**2 - f + 4. Let v be q(7). Let z be (-3)/v*(-1 + 2). Let a(u) = -11*u**2 - 2*u + 1. What is a(z)?
-12
Let c(u) = -u + 15. Let v be c(13). Let q(m) = 4*m - 3*m + 2*m + 8 - v*m. Determine q(-6).
2
Let g(p) = -21*p - 25. Let j(q) = 5*q + 6. Let y(u) = -2*g(u) - 9*j(u). Determine y(-4).
8
Let l(c) = -2*c**2 + 5*c + 3. Let h(m) = -3*m**3 + m**2. Let x be h(-1). Determine l(x).
-9
Suppose 3*o - 17 - 4 = 0. Let m(l) = -l**2 + 9*l - 6. Give m(o).
8
Let a(m) = m**2 + m + 6. Suppose 3*j - 5*k = -2*k + 36, 5*k + 30 = 2*j. Let g = 10 - j. What is a(g)?
6
Let n(x) = x**2 - 4*x. Let i(b) be the second derivative of -b**4/12 + b**3 + 2*b**2 - 5*b. Suppose 0*a - 6 = -a. Let k be i(a). Give n(k).
0
Let s(y) be the third derivative of y**5/30 - y**4/24 + y**3/2 + 4*y**2. Let p(k) be the first derivative of s(k). Calculate p(-2).
-9
Suppose 2 = -u - 3. Let i(b) be the second derivative of b**4/24 + 2*b**3/3 + 2*b**2 - 5*b. Let z(k) be the first derivative of i(k). What is z(u)?
-1
Let k(r) = r**3 + 3*r**2 + 2. Let c be -3 - -6 - (2 - 0). Let j = -2 - c. Calculate k(j).
2
Let z(g) = -g**2 - 5*g + 1. Let n be z(-6). Let s(v) = -4*v - 6 + 7*v - 6*v**2 + 7*v**2 + 0. Calculate s(n).
4
Let d = -54 - -58. Let c(p) = p + 1. Give c(d).
5
Suppose 6 = -v + 5*s, -v + 1 + 13 = 5*s. Suppose 0 = v*c - 2 - 14. Let o(j) = j**3 - 3*j**2 - 3*j - 1. What is o(c)?
3
Let f(b) = -3*b - 1. Suppose 2*h - 22 = -2*p - 2*h, 0 = -3*h + 9. Suppose c - 2*n = 10, 6 - 26 = p*n. What is f(c)?
-7
Let u(d) be the second derivative of -d**3/3 - 3*d**2/2 + 2*d + 15. Suppose r + 4 = -7. Let k = 7 + r. Determine u(k).
5
Let g(n) be the second derivative of -3*n**3/2 - 2*n. Let a(t) = t - 17. Suppose 0 = 10*u - 6*u - 64. Let h be a(u). Determine g(h).
9
Suppose 12 = 7*v - 3*v. Let d(p) = 0 + p**v + 3 + 2*p - 4*p**2 + 0*p. Suppose 0 = 5*l - 21 + 6. What is d(l)?
0
Let j = 1 + 3. Let w(s) = -2*s**3 + 3*s**2 - 2*s. Let m(t) = 3*t - 5*t**3 + 6*t**3 + 0*t**3 - 3*t**2 + 2*t**3. Let g(d) = j*w(d) + 3*m(d). What is g(-3)?
-3
Let b(w) = -w**3 + 4*w**2 + 2*w - 5. Let k(d) = 2*d**2 - 14*d + 3. Let a(m) = m**2 - 7*m + 2. Let u(c) = 11*a(c) - 6*k(c). Let l be u(7). Give b(l).
3
Let s(w) be the first derivative of -w**6/120 + w**5/12 - w**4/12 + 2*w**3/3 - 5*w**2/2 + 5. Let l(t) be the second derivative of s(t). Calculate l(5).
-6
Let t(o) = -8*o**3 + o. Let r(b) = b**3 + 8*b**2 + 2. Let q be r(-8). Let j be 1/2*q*-1. What is t(j)?
7
Let q(x) be the third derivative of -x**5/60 - x**4/3 - 5*x**3/6 - x**2. Give q(-6).
7
Let f(n) = n**3 + 4*n**2 - 6*n - 5. Let q be f(-5). Suppose 2*m + 4*b + 12 = q, -3*m + 7*m = b - 6. Let j(d) = d**2 + 3*d + 3. Calculate j(m).
1
Suppose 34 = -5*u + 3*r, 0*u - 4*u - 32 = -4*r. Let w(l) = l**2 + 6*l + 1. What is w(u)?
-4
Let n(v) be the first derivative of 2*v**3/3 + 3*v**2/2 - 5*v + 15. Determine n(-4).
15
Let v(y) = -5 + 21*y + 4 + 5*y**2 - 5*y**3 + 2. Let o(c) = -3*c**3 + 2*c**2 + 11*c. Let w(b) = 7*o(b) - 4*v(b). Determine w(-4).
-8
Let r(q) be the first derivative of -1/2*q**2 + 2*q + 4. What is r(-3)?
5
Let k be (-61)/(-7) + 6/21. Suppose -4*z - k = 3. Let v(x) = x**2 - x - 1. Let q(g) = -14*g**2 + 8*g + 12. Let n(m) = q(m) + 12*v(m). Determine n(z).
-6
Let u(g) = g**2 + 8*g + 4. Let r be u(-8). Suppose 2*t + 6 + r = 0. Let j(y) = y - 1. Determine j(t).
-6
Let v(k) = k**2 - 9*k + 11. Suppose 4*h - 16 = 2*h. Let t be v(h). Suppose -y = t*y - 2*i + 14, 0 = -3*y - 3*i - 6. Let x(g) = g**2 + 3*g - 4. Give x(y).
-4
Let k(w) = w**3 + 5*w**2 + 4*w + 1. Let o(y) = y**3 - 6*y**2 + 5*y - 4. Let l be (-1)/(-3) + (-14)/(-3). Let r be o(l). What is k(r)?
1
Let b(r) be the third derivative of r**4/12 + 5*r**3/6 - r**2. Let l(c) = -3*c + 16. Let i be l(5). Let u(k) = -k - 1. Let w(f) =